e the prime factors of 339690043?
7, 11, 41, 107599
List the prime factors of 2396089843.
7, 191, 1792139
List the prime factors of 959557528.
2, 163, 487, 1511
What are the prime factors of 1355734312?
2, 101, 149, 11261
List the prime factors of 26368968.
2, 3, 1098707
What are the prime factors of 176145459?
3, 7, 8387879
What are the prime factors of 109772644?
2, 27443161
What are the prime factors of 418630341?
3, 29, 4811843
List the prime factors of 200169821.
31, 6457091
List the prime factors of 7469950511.
23, 324780457
List the prime factors of 994067958.
2, 3, 13, 23, 227, 2441
List the prime factors of 196479516.
2, 3, 2851, 5743
What are the prime factors of 2200050638?
2, 12037, 91387
List the prime factors of 10611229.
10611229
List the prime factors of 5308987201.
7, 19, 181, 220537
What are the prime factors of 101817529?
11, 631, 14669
List the prime factors of 68165744.
2, 23, 185233
What are the prime factors of 163781487?
3, 229, 26489
What are the prime factors of 68544622?
2, 839, 40849
List the prime factors of 689846848.
2, 193, 55849
List the prime factors of 52514860.
2, 5, 19, 138197
List the prime factors of 3400059228.
2, 3, 17, 16666957
What are the prime factors of 2409658416?
2, 3, 11, 47, 10789
What are the prime factors of 64747838?
2, 163, 198613
List the prime factors of 171309350.
2, 5, 61, 56167
What are the prime factors of 394209988?
2, 37, 2663581
List the prime factors of 12600853.
1667, 7559
List the prime factors of 349011163.
349011163
List the prime factors of 189897890.
2, 5, 7, 13, 23, 43, 211
List the prime factors of 101300563.
7, 13, 1113193
What are the prime factors of 246855281?
246855281
List the prime factors of 1895916106.
2, 7, 53, 541, 4723
What are the prime factors of 3586630448?
2, 29, 1709, 4523
What are the prime factors of 414809055?
3, 5, 9217979
What are the prime factors of 99606637?
13, 733, 10453
List the prime factors of 9155706.
2, 3, 7, 29, 7517
What are the prime factors of 164906063?
7, 3037, 7757
List the prime factors of 23690066.
2, 3347, 3539
What are the prime factors of 654287940?
2, 3, 5, 47, 77339
What are the prime factors of 67771590?
2, 3, 5, 2259053
What are the prime factors of 245326553?
245326553
What are the prime factors of 87579111?
3, 37, 789001
List the prime factors of 141829084.
2, 67, 529213
List the prime factors of 2165142702.
2, 3, 47, 7677811
List the prime factors of 118373885.
5, 7, 1709, 1979
List the prime factors of 101074291.
31, 97, 33613
List the prime factors of 70569452.
2, 2069, 8527
What are the prime factors of 73109159?
43, 409, 4157
List the prime factors of 25255641.
3, 8418547
What are the prime factors of 59137862?
2, 7, 103, 41011
What are the prime factors of 7721120057?
7, 6869, 160579
What are the prime factors of 585258993?
3, 11, 47, 41927
List the prime factors of 87881036.
2, 1987, 11057
What are the prime factors of 94650247?
94650247
List the prime factors of 163735800.
2, 3, 5, 31, 8803
List the prime factors of 744888851.
7, 263, 311, 1301
What are the prime factors of 33771328?
2, 157, 3361
What are the prime factors of 68053233?
3, 103, 113, 1949
List the prime factors of 2416736181.
3, 43, 101, 251, 739
List the prime factors of 34228934.
2, 17114467
What are the prime factors of 218466762?
2, 3, 17, 521, 4111
What are the prime factors of 2089809869?
7, 5701, 7481
List the prime factors of 121672292.
2, 7, 620777
List the prime factors of 123559145.
5, 17, 89, 16333
List the prime factors of 2338008939.
3, 7, 491, 75583
List the prime factors of 11012161.
31, 109, 3259
What are the prime factors of 1547254557?
3, 171917173
What are the prime factors of 2838261554?
2, 17, 83478281
List the prime factors of 3318072556.
2, 499, 1662361
What are the prime factors of 142042276?
2, 17, 277, 7541
List the prime factors of 2403275818.
2, 109, 631, 17471
What are the prime factors of 28968918?
2, 3, 11, 17, 25819
What are the prime factors of 10487563?
19, 23, 103, 233
List the prime factors of 162060220.
2, 5, 7, 53, 21841
List the prime factors of 38858821.
17, 2285813
What are the prime factors of 603306119?
13, 46408163
What are the prime factors of 116936140?
2, 5, 23, 254209
What are the prime factors of 493416994?
2, 7, 35244071
List the prime factors of 3946965010.
2, 5, 37, 827, 12899
What are the prime factors of 643860650?
2, 5, 12877213
What are the prime factors of 949576900?
2, 5, 9495769
List the prime factors of 157507537.
11, 3217, 4451
List the prime factors of 598432398.
2, 3, 19, 59, 193, 461
List the prime factors of 7428440120.
2, 5, 2111, 87973
List the prime factors of 16193314.
2, 8096657
List the prime factors of 81575546.
2, 13, 3137521
What are the prime factors of 73269761?
73269761
What are the prime factors of 86252490?
2, 3, 5, 958361
What are the prime factors of 337506110?
2, 5, 271, 124541
List the prime factors of 70066370.
2, 5, 11, 636967
List the prime factors of 50165687.
11, 13, 350809
List the prime factors of 436147513.
12829, 33997
List the prime factors of 4047819479.
11, 197, 1093, 1709
List the prime factors of 82293370.
2, 5, 19, 433123
List the prime factors of 490617534.
2, 3, 11, 29, 8839
List the prime factors of 806568431.
10429, 77339
What are the prime factors of 1491910742?
2, 7, 19, 29, 3947
What are the prime factors of 377313098?
2, 1399, 134851
What are the prime factors of 71971701?
3, 653, 36739
List the prime factors of 665335740.
2, 3, 5, 251, 44179
What are the prime factors of 25380896?
2, 101, 7853
What are the prime factors of 528127400?
2, 5, 241, 10957
What are the prime factors of 182433803?
182433803
List the prime factors of 158688086.
2, 23, 109, 31649
List the prime factors of 7818086818.
2, 1381, 1489, 1901
What are the prime factors of 2136669829?
7, 857, 356171
What are the prime factors of 484150075?
5, 503, 38501
List the prime factors of 3299324024.
2, 412415503
List the prime factors of 2000566589.
7, 285795227
What are the prime factors of 305915592?
2, 3, 12746483
List the prime factors of 1467576001.
29, 3191, 15859
What are the prime factors of 60012303?
3, 13, 1538777
List the prime factors of 55500717.
3, 18500239
What are the prime factors of 1521953119?
1521953119
List the prime factors of 25019346.
2, 3, 11, 379081
List the prime factors of 48993444.
2, 3, 453643
List the prime factors of 2318982.
2, 3, 523, 739
What are the prime factors of 1574696575?
5, 71, 887153
What are the prime factors of 149509597?
61, 691, 3547
List the prime factors of 214463417.
7, 107, 286333
What are the prime factors of 1306916826?
2, 3, 61, 3570811
List the prime factors of 32491718.
2, 7, 2320837
List the prime factors of 1684221534.
2, 3, 41, 673, 3391
List the prime factors of 1061558963.
179, 5930497
What are the prime factors of 121808369?
121808369
List the prime factors of 389412433.
193, 2017681
What are the prime factors of 339941758?
2, 13, 17, 509, 1511
List the prime factors of 257808492.
2, 3, 19, 29, 41, 317
List the prime factors of 1273853387.
71, 263, 68219
List the prime factors of 5105994132.
2, 3, 17, 25029383
List the prime factors of 27599251.
27599251
List the prime factors of 883802120.
2, 5, 17, 1299709
What are the prime factors of 1547681139?
3, 17, 10115563
List the prime factors of 132995301.
3, 17, 31, 84121
List the prime factors of 688033380.
2, 3, 5, 947, 12109
What are the prime factors of 3006799972?
2, 11, 5507, 12409
List the prime factors of 1598647838.
2, 107, 113, 66109
List the prime factors of 184332583.
184332583
What are the prime factors of 5441116629?
3, 13, 139515811
List the prime factors of 221495359.
23, 29, 73, 4549
What are the prime factors of 70879138?
2, 11, 173, 1693
List the prime factors of 24120255.
3, 5, 1608017
List the prime factors of 65093751.
3, 7232639
List the prime factors of 121641243.
3, 40547081
List the prime factors of 27753599.
27753599
What are the prime factors of 47895831?
3, 41, 293, 443
List the prime factors of 454772096.
2, 3552907
What are the prime factors of 1060338732?
2, 3, 23, 3841807
List the prime factors of 1115375958.
2, 3, 433, 143107
What are the prime factors of 2920919094?
2, 3, 162273283
What are the prime factors of 188694454?
2, 13, 1237, 5867